e the greatest common divisor of 8 and p.
8
Suppose 4*j - 528 = -5*o, 2*j + 546 = -o + 6*o. What is the greatest common divisor of 12 and o?
12
Let o(r) be the first derivative of r**2/2 + 7*r + 1. Let x be o(-6). Let u be 22/x + 0 + 2. Calculate the greatest common factor of u and 60.
12
Let s = -53 + 81. Suppose u = 2*z + 13, 2*u - s = 5*z + u. Let t = z + 20. What is the greatest common factor of t and 3?
3
Let z = 195 + -135. Calculate the highest common divisor of z and 20.
20
Suppose 0 = -4*g - 7 + 23. Calculate the greatest common factor of g and 32.
4
Let i = 90 - 82. Calculate the greatest common divisor of 4 and i.
4
Let w = -146 - -302. Calculate the greatest common divisor of w and 39.
39
Suppose 0 = -3*c + 9, 5*h - 2*c + 11 = 35. What is the greatest common factor of h and 6?
6
Suppose -4*h + 10 = -34. Let a = 27 - 5. What is the greatest common factor of h and a?
11
Let q(y) = -y**3 - 4*y**2 - y - 3. Let k be q(-4). Let l = 1 - k. Let r be 0 + -1 + l + 100. What is the greatest common divisor of r and 9?
9
Let l = -5 - -11. Let p be (-9)/6*2*-1. Suppose p*i = l*i - 30. Calculate the greatest common divisor of i and 80.
10
Let g(k) = 2*k**2 - k + 11. Let w be g(5). Let i = 21 - 7. Calculate the highest common divisor of i and w.
14
Let z be ((-5)/2)/(2/(-4)). Let u = 12 - z. Suppose 6*l - 2*l - 5*b = 51, -3*b = l - 17. What is the highest common divisor of u and l?
7
Suppose 4*f - 64 = 8. Let i = 36 + -27. What is the highest common divisor of i and f?
9
Let m = 197 - 187. Let b be (-4)/10 - 452/(-5). What is the greatest common factor of b and m?
10
Suppose -10*o + 4*o = -144. What is the highest common factor of 12 and o?
12
Let r = -1 + 37. Suppose -b = -13 - 11. Calculate the highest common divisor of r and b.
12
Let n(p) = 6*p - 20. Let j be n(6). Calculate the greatest common divisor of j and 1.
1
Let y = 53 - 5. Suppose 0 = 2*t - 21 - 11. What is the highest common factor of t and y?
16
Suppose -2*z = -z - 28. Suppose -3*p + 15 = 0, 0 = 4*w - 2*p - 2*p + 4. Calculate the highest common factor of w and z.
4
Let i be (-2)/(-4) - (-444)/(-24). Let j = i - -31. Suppose 2*v = 5*v - 351. Calculate the highest common factor of v and j.
13
Let y be ((-144)/(-45))/((-2)/(-5)). What is the greatest common divisor of y and 8?
8
Suppose 0 = -4*h - 20 + 40. Suppose -h*t + 90 = -130. What is the greatest common factor of 11 and t?
11
Let m = -2 + 6. Let x(z) = 2*z**2 - 3*z - 4. Let w be x(-6). Suppose 3*v = 10 + w. Calculate the highest common divisor of v and m.
4
Suppose -3*n + 2 = -7. Suppose -2*p - n*p = 0. Suppose p = -3*r + r + 4. What is the greatest common factor of r and 22?
2
Let x be (728/(-168))/(2/6*-1). What is the highest common divisor of x and 117?
13
Let v be (-1 + -1)/2 - 1. Let w be (-57)/v - 2/4. Let r(q) = -q**2 - 7*q - 3. Let p be r(-5). Calculate the highest common factor of p and w.
7
Let t be (-132)/(-30) + (-2)/5. What is the greatest common divisor of 4 and t?
4
Suppose -w + 16 = -4*z - 2, -5*w + 2*z = -18. Suppose o + w*o = 30. Calculate the greatest common divisor of 4 and o.
2
Suppose 46 = 2*d + 4*y, -d - 2*y - 2*y + 27 = 0. What is the highest common divisor of d and 152?
19
Suppose 0*k + 4*k = 2*c + 116, 4*c - 68 = -2*k. Let u(p) = 6*p**2. Let b be u(1). Calculate the highest common divisor of b and k.
6
Let d(u) = u**2 - 1. Let w be d(-2). Let r(f) = -f**2 - 3*f - 4*f**3 - f + 2*f + w*f**3. Let m be r(-3). Calculate the greatest common divisor of m and 24.
24
Suppose 5*d + 73 = -2*k, -4*k - 12 = 2*d + 14. Let l be (0 + -1 + 0)*d. Suppose 7*a - 5*a = 330. Calculate the greatest common factor of l and a.
15
Let b be (-2)/(-5) - (-16)/10. Suppose k = -b*k + 33. Calculate the greatest common factor of 88 and k.
11
Suppose 86 - 26 = 4*z. Calculate the greatest common factor of z and 6.
3
Let o be (-3)/(-5) - 174/(-10). Let a be (68/(-6))/((-4)/o). Calculate the highest common divisor of a and 17.
17
Let v = 12 + -7. Suppose -v*i - 2*b + 385 = 0, 161 = 5*i + 5*b - 224. Calculate the greatest common divisor of 11 and i.
11
Let f(q) = 5*q + 2. Suppose 7*w = 2*w. Suppose w = 5*z - 5, l - 2*z - 1 = -z. Let h be f(l). What is the greatest common factor of 36 and h?
12
Suppose 6*m - 505 = m. Let z = m - -43. Calculate the highest common divisor of 18 and z.
18
Let s(u) be the third derivative of -1/8*u**4 + 1/30*u**5 + 0 + 1/6*u**3 + 0*u - 2*u**2. Let m be s(2). What is the greatest common factor of 27 and m?
3
Let g be -2*2/(4/(-3)). Suppose 0 = 3*w - 5*d - 38, g*d + 23 = 2*w + 2*d. Let x = 339 + -218. What is the highest common divisor of w and x?
11
Let l(x) = 8*x + 9. Let g be l(9). What is the highest common divisor of 9 and g?
9
Suppose 6*b = 2*b + 120. Calculate the highest common divisor of b and 45.
15
Suppose 0 = 2*n - 4*x - 14, 2*n - 17 + 1 = 2*x. Calculate the greatest common divisor of 63 and n.
9
Suppose b + 2*j = 140, 2*b - 280 - 4 = -2*j. Let a = 8 + -6. Suppose 2*h = -s + 3*s - 44, -a*s + 20 = 4*h. What is the greatest common divisor of s and b?
18
Suppose -46 + 6 = -5*q. Let w be (82/(-6))/(1/(-6)). Suppose -62 - w = -2*r. What is the highest common factor of r and q?
8
Let s(a) = a**2 + 6*a - 1. Let r = 10 - 18. Let z be s(r). What is the greatest common factor of 5 and z?
5
Let w = -41 - -81. Calculate the greatest common divisor of 280 and w.
40
Let m(s) = -22*s. Let v = -24 - -22. Let k be m(v). Calculate the highest common divisor of 66 and k.
22
Suppose 5*o + 13 - 8 = 0. Let n be (-8)/o - (10 + -13). What is the highest common factor of n and 77?
11
Suppose l - 11 = -5*p + 18, 3*p - 3 = 0. Let y be (2/(-4))/(1/(-12)). What is the greatest common factor of l and y?
6
Let x = -27 - -162. What is the greatest common factor of 9 and x?
9
Let h = 20 + -5. Calculate the highest common divisor of h and 105.
15
Suppose -173 = -4*h - 5*n, n - 40 = -h + 3. Calculate the greatest common divisor of 70 and h.
14
Let c(p) = -3*p**2 + 4*p**2 + 0*p**2 - p. Let v be c(4). Let f = 6 + v. Calculate the greatest common factor of f and 27.
9
Let p = -18 - -23. Calculate the highest common factor of p and 5.
5
Suppose 8*x = 4*x - 4*z + 60, 0 = 2*x + 4*z - 40. What is the greatest common factor of 30 and x?
10
Suppose -5*o + 12 = -2*o. Let h be 2/8 - (-43)/o. Let b be ((-2)/4)/((-1)/176). Calculate the highest common divisor of h and b.
11
Suppose 5*z + 2*s = 32, -16 = -2*z - z + 2*s. Let n = -6 + 26. Suppose -9*g = -4*g - n. What is the highest common factor of g and z?
2
Suppose -5*u + 4*l = -73, u + 75 = 6*u - 5*l. Let p be 13/(-4)*-2*2. Calculate the highest common factor of p and u.
13
Let i(u) = -30*u**2 + u. Let x be i(-1). Let t = -11 - x. Let f = 13 + t. What is the greatest common factor of f and 3?
3
Let c be (-20)/8 + 2/4. Let w be 0 - (c - 0) - -16. Let m be 9/(99/20) - 4/(-22). What is the highest common factor of m and w?
2
Let a = 596 + -421. What is the greatest common divisor of a and 25?
25
Let d(l) = -l**3 - 10*l**2 + 11*l + 9. Let f be d(-11). Let k be 4 + (-2)/(6/f). Suppose 15 = 5*g - 0*g. What is the greatest common divisor of k and g?
1
Let j = -21 - -30. Calculate the greatest common factor of 36 and j.
9
Let i be 165/6 + (-10)/(-20). What is the greatest common divisor of i and 7?
7
Let o = 3 + 37. Suppose 2*f + 0*h = 4*h + o, -3*f + 58 = -4*h. Let w be 10/3*90/50. Calculate the highest common factor of f and w.
6
Let h be (270 - (-10)/5) + 0. What is the greatest common factor of h and 34?
34
Suppose 66 = -2*t - 2. Let j(p) = -13*p**2 + 2*p + 1. Let q be j(-1). Let l = q - t. What is the highest common factor of l and 4?
4
Suppose 766 + 74 = 7*p. What is the greatest common divisor of 90 and p?
30
Let z = -89 - -140. Calculate the highest common divisor of z and 34.
17
Let y = -23 - -43. What is the greatest common factor of 8 and y?
4
Let f(j) = -7*j - 4. Let l be f(-3). Suppose 0*k = 2*k - 2. Let a be (-477)/(-4) - k/4. Calculate the highest common divisor of a and l.
17
Let m(k) = -k**2 - 2*k + 2. Let c be m(-4). Let x = 9 + c. Suppose -a = -x*a + 80. What is the highest common divisor of 10 and a?
10
Let v(t) = 5*t**2 + t. Let n be v(1). Let f(k) = -2 - 11*k - k**3 - 22*k**2 + 7*k**2 - 4*k. Let y be f(-14). Calculate the highest common divisor of y and n.
6
Suppose -5*q = -2*h -